79325.
5, 577, 15749
List the prime factors of 38144127.
3, 7, 1816387
What are the prime factors of 1888459902?
2, 3, 7, 305873
What are the prime factors of 42187300?
2, 5, 43, 9811
What are the prime factors of 12891036?
2, 3, 1074253
What are the prime factors of 1290569159?
11, 117324469
List the prime factors of 52502387.
7, 641, 11701
List the prime factors of 186165289.
23, 587, 13789
List the prime factors of 635227375.
5, 5081819
List the prime factors of 445092577.
445092577
List the prime factors of 23761353.
3, 7, 11, 29, 3547
What are the prime factors of 230151122?
2, 41, 53, 52957
What are the prime factors of 3689922979?
43853, 84143
List the prime factors of 2953481843.
13, 103, 409, 5393
What are the prime factors of 3530401843?
3530401843
What are the prime factors of 72177994?
2, 7, 43, 47, 2551
List the prime factors of 3606899637.
3, 11, 19, 5752631
What are the prime factors of 1754172952?
2, 7, 4474931
List the prime factors of 883310.
2, 5, 19, 4649
List the prime factors of 22709715.
3, 5, 7, 313, 691
List the prime factors of 85294137.
3, 97, 293107
What are the prime factors of 137026424?
2, 17128303
What are the prime factors of 838113317?
109, 587, 13099
What are the prime factors of 12850503?
3, 71, 60331
List the prime factors of 157970155.
5, 7, 4513433
What are the prime factors of 312837670?
2, 5, 89, 351503
What are the prime factors of 692445221?
13, 61, 67169
What are the prime factors of 362913132?
2, 3, 47, 643463
What are the prime factors of 6129019?
13, 337, 1399
List the prime factors of 100430195.
5, 1129, 17791
List the prime factors of 140704292.
2, 41, 857953
List the prime factors of 21374983.
7, 3053569
List the prime factors of 56722630.
2, 5, 5672263
List the prime factors of 876005519.
876005519
List the prime factors of 509850936.
2, 3, 7, 23, 181
What are the prime factors of 39654213?
3, 43, 307397
List the prime factors of 87651849.
3, 31, 30403
What are the prime factors of 233741283?
3, 239, 325999
What are the prime factors of 3434068095?
3, 5, 228937873
What are the prime factors of 6708187?
109, 61543
List the prime factors of 943561097.
2887, 326831
What are the prime factors of 323691688?
2, 37, 1093553
List the prime factors of 136605913.
103, 1326271
What are the prime factors of 7384813713?
3, 227, 787, 1531
List the prime factors of 188937317.
307, 615431
What are the prime factors of 87710406?
2, 3, 7, 2088343
What are the prime factors of 675104717?
7, 23, 29, 144593
What are the prime factors of 2543492749?
7, 47, 7730981
What are the prime factors of 5263468522?
2, 13, 37, 227, 24103
List the prime factors of 243146534.
2, 19, 6398593
What are the prime factors of 33796895?
5, 11, 227, 2707
What are the prime factors of 207676926?
2, 3, 47, 1741
What are the prime factors of 108995956?
2, 27248989
What are the prime factors of 1021195462?
2, 7, 72942533
List the prime factors of 436261080.
2, 3, 5, 37, 98257
What are the prime factors of 14813929?
13, 163, 6991
List the prime factors of 188883697.
188883697
List the prime factors of 94170731.
43, 2190017
What are the prime factors of 26723213?
11, 37, 47, 127
List the prime factors of 3191528071.
7247, 440393
List the prime factors of 49559685.
3, 5, 7, 471997
What are the prime factors of 40388154?
2, 3, 103, 65353
List the prime factors of 43989974.
2, 7, 191, 16451
What are the prime factors of 126012248?
2, 15751531
List the prime factors of 131397143.
419, 313597
What are the prime factors of 552196019?
552196019
What are the prime factors of 132964941?
3, 107, 414221
What are the prime factors of 18662703?
3, 59, 97, 1087
List the prime factors of 451001909.
281, 443, 3623
What are the prime factors of 1204150564?
2, 301037641
What are the prime factors of 235000306?
2, 4919, 23887
What are the prime factors of 227621643?
3, 75873881
List the prime factors of 46984628.
2, 11746157
List the prime factors of 444483135.
3, 5, 317, 31159
List the prime factors of 404850030.
2, 3, 5, 13, 1038077
List the prime factors of 2491793104.
2, 787, 197887
What are the prime factors of 9874144?
2, 7, 17, 2593
What are the prime factors of 114855369?
3, 38285123
What are the prime factors of 3897907657?
7, 556843951
List the prime factors of 2561541580.
2, 5, 13, 29, 339727
List the prime factors of 2312646808.
2, 3463, 83477
What are the prime factors of 25965474?
2, 3, 4327579
What are the prime factors of 1673150397?
3, 37, 15073427
List the prime factors of 5277871355.
5, 157, 6723403
List the prime factors of 798602622.
2, 3, 43, 53, 58403
What are the prime factors of 81335946?
2, 3, 457, 29663
What are the prime factors of 1515918572?
2, 7, 19, 709, 4019
What are the prime factors of 19977944?
2, 7, 356749
List the prime factors of 896750702.
2, 29, 31, 498749
List the prime factors of 472946490.
2, 3, 5, 271, 19391
What are the prime factors of 2855155347?
3, 11, 23, 1253911
What are the prime factors of 625278656?
2, 9769979
What are the prime factors of 669829646?
2, 29, 11548787
List the prime factors of 43917372.
2, 3, 37, 32971
What are the prime factors of 3827490283?
19, 23, 157, 55787
What are the prime factors of 7334862546?
2, 3, 11, 111134281
List the prime factors of 812026301.
17, 4567, 10459
List the prime factors of 59045116.
2, 13, 1135483
List the prime factors of 185916979.
71, 113, 23173
What are the prime factors of 100626495?
3, 5, 23, 37, 7883
List the prime factors of 5625561010.
2, 5, 31, 18146971
List the prime factors of 112024978.
2, 13, 4308653
What are the prime factors of 186800928?
2, 3, 1945843
What are the prime factors of 2646660059?
4493, 589063
List the prime factors of 5359992399.
3, 1409, 140893
What are the prime factors of 258348330?
2, 3, 5, 2870537
What are the prime factors of 3308844885?
3, 5, 47, 449, 10453
List the prime factors of 15609437.
15609437
List the prime factors of 5639015525.
5, 11, 13, 37, 89, 479
What are the prime factors of 10261913?
37, 53, 5233
What are the prime factors of 134765377?
134765377
List the prime factors of 377655995.
5, 75531199
What are the prime factors of 2630554487?
11, 419, 570743
What are the prime factors of 264783376?
2, 11, 13, 115727
List the prime factors of 362834808.
2, 3, 7, 17, 18149
List the prime factors of 142112450.
2, 5, 593, 4793
List the prime factors of 5037451645.
5, 17, 59264137
List the prime factors of 188268004.
2, 1069, 44029
List the prime factors of 5404785.
3, 5, 79, 4561
What are the prime factors of 22957972?
2, 421, 13633
List the prime factors of 817297799.
817297799
List the prime factors of 652400569.
41, 15912209
What are the prime factors of 689083871?
7, 98440553
What are the prime factors of 2673513051?
3, 11, 81015547
List the prime factors of 3124099791.
3, 29, 479, 24989
What are the prime factors of 151761472?
2, 53, 44741
List the prime factors of 72537463.
769, 94327
List the prime factors of 1103792980.
2, 5, 41, 71, 18959
List the prime factors of 201950253.
3, 831071
What are the prime factors of 66135990?
2, 3, 5, 251, 8783
List the prime factors of 367605561.
3, 773, 158519
List the prime factors of 219789958.
2, 331, 332009
What are the prime factors of 4637751?
3, 1545917
What are the prime factors of 3860199150?
2, 3, 5, 25734661
List the prime factors of 12925714.
2, 43, 150299
What are the prime factors of 439131215?
5, 7933, 11071
What are the prime factors of 179740719?
3, 19971191
List the prime factors of 51879571.
137, 378683
List the prime factors of 108602194.
2, 41, 53, 24989
What are the prime factors of 52165497?
3, 1283, 13553
List the prime factors of 1466350772.
2, 223, 1643891
List the prime factors of 43824530.
2, 5, 4382453
List the prime factors of 537995574.
2, 3, 103, 197, 491
List the prime factors of 630573780.
2, 3, 5, 10509563
List the prime factors of 963412023.
3, 7, 569, 80627
List the prime factors of 5937831.
3, 659759
What are the prime factors of 17909257?
113, 158489
What are the prime factors of 1819293108?
2, 3, 37, 47, 87181
What are the prime factors of 7903776?
2, 3, 17, 29, 167
List the prime factors of 1437275085.
3, 5, 95818339
What are the prime factors of 247589060?
2, 5, 12379453
List the prime factors of 625237055.
5, 919, 136069
What are the